 (base 8) to base 4
-1203133
What is -1300 (base 9) in base 12?
-690
What is 12112222 (base 4) in base 5?
1313101
What is 201220210 (base 3) in base 14?
5412
-4574 (base 10) to base 4
-1013132
71715 (base 8) to base 5
1422040
Convert 20120120 (base 3) to base 16.
12ba
What is 4042a (base 11) in base 3?
10000001011
What is -2b2 (base 15) in base 16?
-269
Convert a509 (base 12) to base 2.
100011001011001
30651 (base 7) to base 15
2373
-110342 (base 7) to base 14
-70c9
Convert 3765 (base 10) to base 6.
25233
-490 (base 11) to base 8
-1107
What is -669 (base 11) in base 9?
-1080
-1c87 (base 13) to base 5
-114321
What is -3545 (base 6) in base 11?
-70a
What is 6183 (base 9) in base 16?
11b2
What is 4331113 (base 5) in base 2?
10010000010110100
-15630 (base 7) to base 3
-20002010
What is 4122 (base 9) in base 8?
5711
-3273 (base 9) to base 4
-211233
Convert -353 (base 8) to base 15.
-10a
What is -da9 (base 15) in base 16?
-c0c
What is 210 (base 15) in base 5?
3330
What is -1140 (base 9) in base 16?
-34e
What is 1239 (base 10) in base 12?
873
Convert 7126 (base 12) to base 16.
2fee
-127 (base 13) to base 16
-ca
What is -2828 (base 10) in base 12?
-1778
What is 3222 (base 4) in base 10?
234
-3835 (base 9) to base 10
-2867
What is 5af2 (base 16) in base 13?
a79c
Convert 5cb (base 16) to base 11.
1129
What is 74d (base 14) in base 11?
10a0
What is -6076 (base 8) in base 4?
-300332
What is 52 (base 9) in base 8?
57
What is 93bd (base 14) in base 7?
134126
10110001111 (base 2) to base 6
10331
What is -1584 (base 10) in base 7?
-4422
Convert -1031 (base 8) to base 9.
-656
69fa (base 16) to base 10
27130
Convert 2907 (base 10) to base 2.
101101011011
Convert -436 (base 8) to base 2.
-100011110
Convert 8208 (base 10) to base 8.
20020
-321344 (base 5) to base 2
-10101001100001
What is 2413323 (base 5) in base 10?
44838
What is -183 (base 9) in base 4?
-2130
Convert 5278 (base 9) to base 12.
22b2
3b7 (base 14) to base 9
1022
Convert -18a (base 16) to base 15.
-1b4
-10141 (base 5) to base 15
-2eb
What is 204 (base 11) in base 9?
303
Convert -739 (base 14) to base 11.
-1084
What is -2201 (base 6) in base 13?
-2cb
Convert 3304 (base 7) to base 14.
604
-34b (base 12) to base 8
-753
-14122 (base 6) to base 11
-172a
Convert -31 (base 10) to base 5.
-111
Convert 466 (base 13) to base 15.
35a
What is 1051 (base 9) in base 4?
30013
Convert -8b0 (base 13) to base 4.
-113113
2332 (base 7) to base 9
1151
What is 234 (base 11) in base 5?
2104
Convert 1101110021 (base 3) to base 11.
19572
Convert 3432 (base 5) to base 8.
754
1811b (base 12) to base 5
2102402
Convert 13122220 (base 4) to base 2.
111011010101000
-1ef (base 16) to base 14
-275
1212 (base 4) to base 14
74
3112030 (base 4) to base 3
200210201
1010111100101 (base 2) to base 11
4236
Convert -5662 (base 9) to base 8.
-10133
800 (base 11) to base 9
1285
Convert 7342 (base 10) to base 12.
42ba
-15 (base 11) to base 8
-20
What is -1010011101101 (base 2) in base 10?
-5357
Convert 51 (base 10) to base 4.
303
What is 1010001111001 (base 2) in base 7?
21165
Convert 25210 (base 10) to base 3.
1021120201
What is 1760 (base 10) in base 2?
11011100000
Convert -2080 (base 9) to base 6.
-11030
-5844 (base 12) to base 15
-2db4
Convert -3e67 (base 16) to base 12.
-92b3
Convert 1025 (base 11) to base 16.
54e
9d0a (base 15) to base 11
23032
1664 (base 10) to base 5
23124
-1141 (base 6) to base 7
-544
Convert -210200 (base 3) to base 2.
-1001001001
Convert 1340 (base 5) to base 6.
1004
3315 (base 7) to base 4
102210
263c0 (base 13) to base 16
11537
Convert -65 (base 11) to base 3.
-2122
What is 2505 (base 7) in base 14?
4ac
Convert 1159 (base 14) to base 10.
3019
Convert -87b1 (base 16) to base 15.
-a45c
14240 (base 8) to base 13
2b3c
Convert ea0 (base 15) to base 10.
3300
What is 33525 (base 6) in base 8?
11175
What is 5457 (base 8) in base 7?
11230
What is 245604 (base 7) in base 15?
d606
What is -30230 (base 6) in base 16?
-f8a
What is 1284 (base 14) in base 10?
3252
337 (base 11) to base 15
1bd
-401 (base 8) to base 11
-214
Convert -31010 (base 4) to base 16.
-344
What is -12377 (base 11) in base 15?
-53d5
2aa (base 12) to base 13
262
3055 (base 7) to base 10
1069
What is -463 (base 11) in base 5?
-4203
Convert 1a13 (base 12) to base 15.
e23
Convert -c90c (base 13) to base 6.
-333053
2db4 (base 14) to base 15
2664
-a847 (base 11) to base 5
-424304
Convert 1101011010011 (base 2) to base 16.
1ad3
Convert 37d (base 15) to base 12.
561
-222221 (base 3) to base 4
-23113
What is 5242 (base 11) in base 3?
100112011
What is 1205 (base 8) in base 3?
212220
Convert 53122 (base 8) to base 2.
101011001010010
Convert -bb5 (base 15) to base 8.
-5125
Convert 4142 (base 5) to base 13.
331
1513 (base 7) to base 16
256
What is 89976 (base 10) in base 4?
111331320
-4482 (base 9) to base 2
-110011110010
e38 (base 15) to base 16
c83
Convert 425 (base 14) to base 16.
331
What is b25 (base 16) in base 2?
101100100101
-12340 (base 11) to base 14
-6650
Convert -2327 (base 13) to base 5.
-124214
What is -a58 (base 13) in base 2?
-11011100011
What is 254 (base 11) in base 14?
177
What is -1254 (base 8) in base 2?
-1010101100
What is 17579 (base 12) in base 16?
836d
Convert 1202 (base 4) to base 13.
77
444 (base 14) to base 16
34c
Convert 122021 (base 3) to base 16.
1d2
Convert 4202 (base 5) to base 2.
1000101000
Convert 3b0 (base 16) to base 10.
944
What is -524 (base 13) in base 15?
-3d5
What is 42030 (base 9) in base 12?
14069
Convert -2879 (base 13) to base 12.
-3472
1a9 (base 12) to base 10
273
Convert -669 (base 11) to base 6.
-3413
-a4a (base 11) to base 14
-664
Convert 10b (base 12) to base 7.
311
What is 6134 (base 7) in base 10?
2132
Convert 411 (base 7) to base 2.
11001100
-242 (base 13) to base 9
-475
Convert 2333 (base 6) to base 3.
202210
What is -1298 (base 12) in base 5?
-32012
Convert 18863 (base 10) to base 11.
13199
212120022 (base 3) to base 10
17180
What is -1110110101111 (base 2) in base 6?
-55103
-92d3 (base 16) to base 8
-111323
-10110110111101 (base 2) to base 6
-130113
Convert 398 (base 12) to base 10.
548
-638 (base 9) to base 7
-1343
What is 251 (base 6) in base 12?
87
1611 (base 14) to base 5
111220
-835 (base 10) to base 14
-439
-3547 (base 14) to base 12
-544b
105 (base 13) to base 5
1144
Convert 22000233 (base 4) to base 8.
120057
350551 (base 6) to base 16
7543
Convert -2164 (base 11) to base 2.
-101100100101
104230 (base 5) to base 14
14b8
-1100111110100 (base 2) to base 12
-3a18
41 (base 6) to base 5
100
Convert 352 (base 11) to base 10.
420
Convert -201010 (base 3) to base 13.
-309
Convert 125214 (base 8) to base 13.
16b46
Convert -1242020 (base 5) to base 12.
-1230b
Convert ca5b (base 15) to base 11.
2a202
What is -624 (base 12) in base 4?
-31330
Convert 8882 (base 13) to base 5.
1102114
Convert -1165b (base 12) to base 7.
-125135
-24401 (base 8) to base 11
-7983
Convert -1383 (base 15) to base 2.
-1000001001101
Convert 9a89 (base 11) to base 9.
20202
Convert 1b13 (base 12) to base 14.
12d9
Convert 379a (base 11) to base 14.
1b37
What is -520 (base 9) in base 2?
-110100111
What is 3261 (base 14) in base 5?
234314
What is -3036 (base 8) in base 10?
-1566
What is -111134 (base 5) in base 3?
-12101011
-100 (base 5) to base 6
-41
Convert 606 (base 7) to base 15.
150
What is -65 (base 8) in base 12?
-45
-130 (base 9) to base 12
-90
-1646 (base 10) to base 4
-121232
What is -37a (base 13) in base 11?
-503
4312 (base 6) to base 4
33110
What is -3600 (base 7) in base 11?
-aa3
Convert 12122 (base 5) to base 9.
1223
What is -634 (base 9) in base 11?
-430
7204 (base 8) to base 10
3716
-10111100010101 (base 2) to base 7
-50066
Convert -253 (base 6) to base 8.
-151
Convert d0 (base 14) to base 7.
350
2232 (base 7) to base 14
419
-21442 (base 6) to base 8
-5642
Convert -10001010 (base 3) to base 8.
-4251
Convert -337 (base 11) to base 4.
-12103
Convert -2bd (base 15) to base 6.
-2524
-10202 (base 8) to base 12
-2542
-13200132 (base 4) to base 14
-b2c6
What is 32a (base 11) in base 16?
18b
Convert 25677 (base 8) to base 11.
8461
What is -614 (base 11) in base 3?
-1000110
31312 (base 6) to base 3
12210022
-153a3 (base 11) to base 14
-7d12
Convert -a401 (base 14) to base 10.
-28225
Convert 212211 (base 3) to base 8.
1203
-23100001 